s 534883 a composite number?
False
Is 31169 a composite number?
True
Is 8605 composite?
True
Is 1291 composite?
False
Is 17843 prime?
False
Is 11341 a composite number?
True
Is 103829 a prime number?
False
Is 572567 composite?
False
Is 299807 composite?
False
Is 58973 prime?
False
Is 113902 a prime number?
False
Is 12323 a composite number?
False
Is 5963 prime?
False
Is 28599 prime?
False
Is 78509 a prime number?
True
Is 25689 a prime number?
False
Is 1091459 a prime number?
True
Is 4493 composite?
False
Is 51365 composite?
True
Is 6247 prime?
True
Is 1943 prime?
False
Is 73641 a composite number?
True
Is 13577 composite?
False
Is 8459 composite?
True
Is 3233 a composite number?
True
Is 13751 composite?
False
Is 254329 a prime number?
True
Is 7607 composite?
False
Is 9719 a prime number?
True
Is 179159 composite?
True
Is 67589 a prime number?
True
Is 111833 a prime number?
True
Is 127763 a composite number?
False
Is 147911 a prime number?
False
Is 1069 prime?
True
Is 267827 a prime number?
False
Is 1543 a composite number?
False
Is 31177 composite?
False
Is 302251 composite?
True
Is 211 prime?
True
Is 73561 a prime number?
True
Is 3763 composite?
True
Is 5179 a composite number?
False
Is 35791 a prime number?
False
Is 41369 prime?
False
Is 63577 composite?
False
Is 9659 a composite number?
True
Is 62691 composite?
True
Is 133069 a composite number?
False
Is 5737 a prime number?
True
Is 1735982 a prime number?
False
Is 555589 a composite number?
False
Is 27743 prime?
True
Is 38401 composite?
True
Is 21863 prime?
True
Is 1159717 a composite number?
True
Is 8254 composite?
True
Is 5509 prime?
False
Is 189541 a composite number?
True
Is 878279 a composite number?
False
Is 2327131 prime?
True
Is 38923 composite?
False
Is 38501 a prime number?
True
Is 221789 a prime number?
False
Is 32081 composite?
True
Is 445339 prime?
True
Is 24967 a composite number?
False
Is 2881549 composite?
True
Is 76619 a prime number?
False
Is 118669 a composite number?
False
Is 32167 a composite number?
True
Is 194507 composite?
False
Is 100661 composite?
True
Is 611279 a prime number?
True
Is 96517 a prime number?
True
Is 3061 a composite number?
False
Is 1382 prime?
False
Is 416327 a prime number?
False
Is 339061 a prime number?
False
Is 4873 a prime number?
False
Is 1007 a prime number?
False
Is 165133 composite?
False
Is 1253 composite?
True
Is 26807 prime?
False
Is 238718 prime?
False
Is 4181 prime?
False
Is 40057 a prime number?
False
Is 18989 a prime number?
False
Is 2973 composite?
True
Is 410365 a composite number?
True
Is 1531 composite?
False
Is 151157 prime?
True
Is 49237 a prime number?
False
Is 30907 composite?
True
Is 6081 a composite number?
True
Is 538355 a composite number?
True
Is 29083 a prime number?
False
Is 187 a composite number?
True
Is 26801 composite?
False
Is 10805 composite?
True
Is 191269 a prime number?
False
Is 230369 composite?
False
Is 75389 composite?
False
Is 2671 prime?
True
Is 4513 composite?
False
Is 15581 a prime number?
True
Is 43937 prime?
False
Is 7187 composite?
False
Is 57209 composite?
True
Is 19167 composite?
True
Is 13231 composite?
True
Is 366049 a composite number?
True
Is 472391 a prime number?
True
Is 364373 a prime number?
True
Is 36973 composite?
False
Is 245507 composite?
True
Is 561521 composite?
False
Is 1146619 prime?
False
Is 51713 a prime number?
True
Is 4327 a prime number?
True
Is 47737 a prime number?
True
Is 128101 a prime number?
False
Is 9235 composite?
True
Is 416915 a composite number?
True
Is 41773 a prime number?
False
Is 998 prime?
False
Is 140963 prime?
False
Is 38113 a prime number?
True
Is 9502 composite?
True
Is 182581 prime?
False
Is 8663 a prime number?
True
Is 833347 prime?
True
Is 125131 prime?
True
Is 35897 prime?
True
Is 8506 prime?
False
Is 4754 composite?
True
Is 188563 composite?
False
Is 1295605 a prime number?
False
Is 36647 a prime number?
False
Is 23809 a prime number?
False
Is 16186 composite?
True
Is 6547 a prime number?
True
Is 12143 a composite number?
False
Is 321707 prime?
True
Is 90679 composite?
False
Is 33685 composite?
True
Is 127219 prime?
True
Is 54745 a composite number?
True
Is 112834 a composite number?
True
Is 42821 a prime number?
True
Is 180773 prime?
True
Is 145507 prime?
False
Is 74831 a composite number?
False
Is 13891 a prime number?
False
Is 2257 a prime number?
False
Is 107971 composite?
False
Is 42305 a prime number?
False
Is 13267 a composite number?
False
Is 19553 prime?
True
Is 512959 a prime number?
True
Is 813113 prime?
False
Is 302065 composite?
True
Is 18965 prime?
False
Is 54221 composite?
True
Is 4937 a composite number?
False
Is 1343299 composite?
False
Is 94819 a composite number?
False
Is 1319 prime?
True
Is 184567 a composite number?
False
Is 113519 prime?
False
Is 1652195 a composite number?
True
Is 838003 a prime number?
True
Is 319 a prime number?
False
Is 397 a prime number?
True
Is 13085 prime?
False
Is 8641 composite?
False
Is 28117 a prime number?
False
Is 400537 prime?
False
Is 21557 prime?
True
Is 94407 composite?
True
Is 2719 a composite number?
False
Is 4103 composite?
True
Is 172283 composite?
False
Is 3422255 a prime number?
False
Is 48718 a prime number?
False
Is 266549 a prime number?
True
Is 11903 a composite number?
False
Is 13751 composite?
False
Is 15421 a composite number?
True
Is 542855 a prime number?
False
Is 8129 prime?
False
Is 84269 a composite number?
True
Is 25943 prime?
True
Is 10483 a prime number?
False
Is 101509 a prime number?
False
Is 580367 prime?
False
Is 18677 a prime number?
False
Is 1055 a composite number?
True
Is 265033 a prime number?
False
Is 175261 prime?
True
Is 3452107 a composite number?
False
Is 62383 composite?
False
Is 77107 composite?
True
Is 6881 a prime number?
False
Is 174851 a prime number?
True
Is 4547 prime?
True
Is 233821 a prime number?
False
Is 235583 a prime number?
False
Is 52007 composite?
True
Is 59047 a composite number?
True
Is 5731 prime?
False
Is 8641 a composite number?
False
Is 10637 a prime number?
False
Is 17173 composite?
True
Is 1727 prime?
False
Is 20857 prime?
True
Is 14971 a composite number?
True
Is 84619 prime?
False
Is 260497 a composite number?
True
Is 5557 prime?
True
Is 20759 composite?
False
Is 47053 a prime number?
False
Is 12671 prime?
True
Is 657781 a composite number?
True
Is 1086935 a composite number?
True
Is 24509 a prime number?
True
Is 24029 prime?
True
Is 91753 a prime number?
True
Is 132049 prime?
True
Is 77791 composite?
True
Is 340799 a composite number?
True
Is 6247 prime?
True
Is 668471 prime?
True
Is 28643 a composite number?
False
Is 574477 composite?
False
Is 146639 composite?
False
Is 89 a composite number?
False
Is 294551 composite?
False
Is 13517 composite?
True
Is 21963 a composite number?
True
Is 130751 prime?
False
Is 25031 prime?
True
Is 216829 prime?
True
Is 831485 composite?
True
Is 48577 composite?
True
Is 46967 a composite number?
True
Is 559393 a prime number?
False
Is 3192493 composite?
True
Is 535387 a composite number?
False
Is 38411 prime?
False
Is 33491 prime?
False
Is 41386 a composite number?
True
Is 124105 a composite number?
True
Is 60511 a composite number?
True
Is 293941 a composite number?
False
Is 11993 composite?
True
Is 55757 a composite number?
True
Is 4242019 prime?
True
Is 2680259 composite?
True
Is 2438339 composite?
False
Is 1361 prime?
True
Is 683 composite?
False
Is 49249 composite?
True
Is 737 a composite number?
True
Is 25561 a composite number?
False
Is 135389 prime?
True
Is 649 composite?
True
Is 734329 composite?
False
Is 475751 a prime number?
True
Is 671569 prime?
False
Is 9781 prime?
True
Is 21946 prime?
False
Is 269293 a prime number?
False
Is 1543207 prime?
True
Is 30727 prime?
True
Is 3247 a composite number?
True
Is 144278 composite?
True
Is 237131 a prime number?
False
Is 8923 prime?
True
Is 5351 a prime number?
True
Is 6052327 composite?
False
Is 340213 prime?
False
Is 252971 a composite number?
False
Is 89141 composite?
True
Is 977887 a prime number?
False
Is 2053 prime?
True
Is 284029 a prime number?
False
Is 1772081 a prime number?
False
Is 23813 composite?
False
Is 116695 a composite number?
True
Is 7823 a composite number?
False
Is 47681 composite?
False
Is 92135 a composite number?
True
Is 